n(k) = 7*k**3 - 2*k**2 + k. Let b be n(1). Let a be q(b). What is o(a)?
-12
Let r be -7*(2 + (-18)/7). Let p be (-2)/6*0 + r. Let d(f) = -3*f + 1 + p - 3 + 5*f. Determine d(2).
6
Let z = -343 - -333. Let l(i) = -2*i - 7. Calculate l(z).
13
Let k(z) = z**3 - 2*z - 3. Let w(b) = -3*b + 9. Let d be w(13). Let y = 28 + d. Calculate k(y).
-7
Let c(z) = -4*z - 5. Let r(n) = 43*n - 688. Let i be r(16). What is c(i)?
-5
Let p(b) = -6*b. Suppose 5*n + 12 = 3*a - 11, -4*n - 21 = -5*a. What is p(a)?
-6
Let n(v) = -v**3 + 10*v**2 - 6*v - 11. Let r(w) = 3*w - 171. Let i be r(60). Give n(i).
16
Let s(l) = -l**2 + 6*l - 4. Let x(y) = 3*y + 33. Let i be x(-9). Give s(i).
-4
Let o(d) = d**3 + 11*d**2 + 2*d + 6. Suppose -4*z - 44 = 5*a, -3*z - 2*a + 6*a = 33. Determine o(z).
-16
Suppose 0 = -x + 16*x. Suppose -4*s - 8 = x, 17 = -4*o - s + 3. Let z(n) = -4*n**2 - 3*n + 3. What is z(o)?
-24
Let g be 4 + (-1 - -2)*-2. Let q(f) = -f + g*f - 3*f. Determine q(1).
-2
Suppose -3*p - 10*m - 9 = -13*m, 4*p + 12 = 5*m. Let o(u) = -u + 3. Let t(q) = -4*q + 16. Let f(v) = 11*o(v) - 2*t(v). Determine f(p).
10
Let p(h) = -192 + 371 - 187 + 5*h. Calculate p(-6).
-38
Let a(s) = s**3 + 2*s**2 - 2*s + 1 + 12*s**2 - 13*s**2. Suppose -21 = -12*l - 57. Determine a(l).
-11
Let h = -10 + 14. Let f be (h/6)/(8/(-36)*3). Let l(n) = 14*n**2 - n - 1. Calculate l(f).
14
Let q(f) = -3*f + 28. Let o be q(8). Let l(n) = 0*n + 2*n**3 + o - n**3 + 6*n**2 + 6*n. Calculate l(-5).
-1
Let c(t) = 5*t**2 + 6*t**2 + 6*t**2 + 3*t - t**3 - 6 - 22*t**2. Suppose 4*u - 43 - 89 = 0. Suppose -4*z = -3*n - 30, 3*n - 2*z - 3*z = -u. Calculate c(n).
12
Suppose 0 = 4*r - 12, -3*v - 3*r = -8 - 7. Suppose 3*n - v = -20. Let j = n - -1. Let i(f) = 2*f. Give i(j).
-10
Suppose -28 = 6*u - 4. Let d(k) be the first derivative of -k**2/2 + 2*k - 4. What is d(u)?
6
Let w(m) = -2 + 3379*m**2 - 2*m + 3 - 3372*m**2. Give w(1).
6
Let d = 378 - 371. Let j(r) = -2*r + 11. Calculate j(d).
-3
Let w = -30 - -60. Let z be 76/(-10) - 12/w. Let u(b) = -b**3 - 7*b**2 + 7*b + 1. Give u(z).
9
Let j(o) = o**2 + 6*o. Let w be (-5)/(13 - 8) + -2*4. What is j(w)?
27
Let z(r) = r**3 - 8*r**2 + 8*r - 10. Suppose 14 = 142*v - 140*v. Give z(v).
-3
Suppose -2*v - 18 = v. Let q(s) be the third derivative of -s**4/24 - 5*s**3/6 + 11*s**2. Calculate q(v).
1
Let k(a) be the first derivative of a**2/2 - 2*a + 248. Let n be 3/(-9) + (-22)/6. Give k(n).
-6
Let f(s) = s**2 + 23*s + 9 + 2 - 2 - 45*s + 25*s. Give f(-6).
27
Let v(z) = 3*z**3 + 14*z**2 + 8*z + 15. Let d(s) = s**3 + 3*s**2 - 1. Let r(a) = -2*d(a) + v(a). Give r(-7).
10
Let a(b) be the first derivative of -2*b**2 - 3*b + 1/3*b**3 + 24. What is a(5)?
2
Suppose -14 = -7*m - 63. Let b(l) = l**3 + 7*l**2 - 2*l + 4. Calculate b(m).
18
Let h(i) = -i**3 + 12*i**2 + 11*i + 30. Let f(o) = -o**3 + 32*o**2 - 30*o - 18. Let w be f(31). Calculate h(w).
4
Suppose 0 = -s - 3*c - 7, 5*s - 2*s - 5*c + 63 = 0. Let k = -7 + 23. Let r = k + s. Let x(p) = p**2 - 1. Determine x(r).
-1
Let j(h) = -4 + 0 + 0 + 3 + 5*h**2 + h. Determine j(-2).
17
Let b(y) = 5*y - 1. Suppose -4*k - 92 = 32. Let s = -12 - k. Let n = s + -17. Calculate b(n).
9
Suppose -11*s + 12*s - 32 = 0. Suppose s*p + 30 = 37*p. Let g(r) be the second derivative of -r**5/20 + 5*r**4/12 + 7*r**3/6 - r**2/2 - 2*r. What is g(p)?
5
Let z = 1127 - 1127. Let g(c) be the first derivative of -c**2 - 4 + z*c - 1/3*c**3. Determine g(3).
-15
Suppose -3*l - 38 = -2. Let y be (-4)/l + ((-16)/(-6) - 3). Let s(k) = -4*k - 8 + 4*k + k**3. Give s(y).
-8
Suppose 0 = 17*y - 26*y + 9. Let u(r) = -y - 7 + 3 - r - 5. Give u(-5).
-5
Let g be (48/(-56))/(4/(-14)). Suppose -2*w + 1 = -g*m - 17, -3*w + 26 = -4*m. Let l(u) = -u**2 + 5*u + 5. Determine l(w).
-1
Let p = 246 - 244. Let i(f) be the third derivative of 1/2*f**3 + 1/24*f**4 + 2*f**p + 0 + 0*f. What is i(-4)?
-1
Let l = -9 - -7. Let g be 2 + (l + 1 - -4). Let m(b) = b**3 - 4*b**2 - 5*b - 4. Give m(g).
-4
Let y be ((-15)/(-12))/((-10)/(-40)). Let r(a) = -2*a + 10. What is r(y)?
0
Let q(t) be the second derivative of t**6/360 - t**5/60 - t**4/8 + 43*t**3/6 - 25*t. Let s(i) be the second derivative of q(i). Let n be 2*3/4*-2. Give s(n).
12
Let j(d) = d**3 - 2*d**2 + 2. Let n be j(2). Let a(t) = 4*t**2 + 6*t - 6. Let p(u) = -6*u**2 - 9*u + 9. Let v(r) = 7*a(r) + 5*p(r). What is v(n)?
-11
Let y be ((-24)/44 + (-114)/(-209))/(-2). Let r(u) = u**3 - 2*u - 39. Calculate r(y).
-39
Let v = -6 + 4. Let n(c) be the first derivative of 5*c**2/2 + 2*c - 1420. Determine n(v).
-8
Let k be (2/(-5))/(6/(-30)). Let t(d) = 3*d**3 + k - 10*d**3 + 3*d - 2*d - 1. Calculate t(-1).
7
Let q(o) = -o**2 - 7*o - 5. Let t be ((-24)/20)/(2/(-5)). Suppose t*z = 6*z. Suppose z = 2*r, -6*s + 4*r = -3*s + 15. Determine q(s).
5
Let w(y) = -1. Let a(p) = -p - 17. Let l(h) = a(h) - 3*w(h). Suppose s + 36 = -5*k, 4*s = s + 12. Let c be l(k). Let u(x) = -3*x - 6. Calculate u(c).
12
Let j be 64/40 - (-2)/5. Suppose -n + 6 = j. Let a(f) = n*f - f - f - f. Determine a(5).
5
Let l(x) = 3 + 4*x**3 - 4 + 29*x**2 - x - 30*x**2 + 5*x**3. Let m(s) = -4 + 1 + 4*s - 5*s - 6. Let u be m(-8). Give l(u).
-10
Let u(m) = 2*m**2 + 14*m + 10. Let h be u(-6). Let c(n) = 2*n. Determine c(h).
-4
Let x(z) = 2*z**2 + 15*z + 9. Let g be x(-7). Suppose 0 = -7*w + g - 51. Let i(l) = l**2 + 10*l + 7. What is i(w)?
-14
Let f(w) = -w**3 + 11*w**2 - 9*w - 8. Let t be f(10). Suppose -t*a - 9 = 3. Let v(m) = -m**2 - 6*m - 8. Give v(a).
-8
Let z(c) = -28*c**2 + 27*c - 58. Let f(b) = 10*b**2 - 9*b + 20. Let x(y) = 17*f(y) + 6*z(y). Give x(-7).
27
Suppose b = -3*b. Let h(t) = t - 2 - 3*t + 0*t + b. Let y = -13 - -16. Give h(y).
-8
Let z(b) = -b**3 - 8*b**2 - 9*b - 5. Let r(c) = 2*c**2 - 5*c - 9. Let m be r(3). What is z(m)?
-23
Let s be (-14)/(-21) - 3/9*-49. Suppose 5*y + 18 = l, -5*y - s = 2*l + 7. Let h(w) = -w**3 - 4*w**2 - 1. Determine h(y).
-1
Suppose 0 = -3*o + 6*o + 4*k + 4, -36 = -4*o + 5*k. Suppose -3 = -2*m - 0*y + 3*y, o*m = y + 21. Let p(c) = -2*c + 1. Determine p(m).
-11
Suppose 2*f + 5*j = -13, 10*j + 31 = f + 5*j. Let b(v) = -v**2 - 3*v - 1. Give b(f).
-55
Let k(u) = u**3 + 3*u**2 - 8*u - 6. Suppose -4*c = 3*t - 328, c = t - 17 - 90. Suppose 10*i - 4*i - t = 0. Let z = i - 23. Determine k(z).
-16
Suppose 47*t = 45*t. Let h(b) = b - 2*b + 16 - 25. Determine h(t).
-9
Let b = -740 + 726. Let h(u) = u**3 + 15*u**2 + 15*u + 9. Give h(b).
-5
Let u(i) = 3 + 2*i + 99062*i**2 - 4*i + 4*i - 99061*i**2. Suppose 0 - 2 = -5*c + 4*n, c + 3*n + 11 = 0. Calculate u(c).
3
Let c(h) = 7*h**2 - 21*h - 17. Let l(k) = 11*k**2 - 32*k - 25. Let q(r) = 8*c(r) - 5*l(r). Suppose -63 = 374*m - 381*m. Give q(m).
-2
Suppose 2*w - 2 = -2*w + 2*b, 5*b + 13 = 2*w. Let g(k) = 16*k**3 + 2*k + 1 + k**2 + 16*k**3 - 15*k**3. Calculate g(w).
-17
Suppose 0 = -3*g + 3*o, -2*o = -8 + 2. Suppose 0*u + u - 2 = 0, c - 11 = -g*u. Let y(z) = -z - 1. What is y(c)?
-6
Let m = -94 - -95. Let c(q) = 19*q - 9*q - 8*q - m + q**2. Give c(-2).
-1
Let r(w) = 4 - w**2 + 7*w**2 - 7 - 8*w**2 - 7*w. Determine r(-5).
-18
Suppose 0 = -7*s + 3*s + 12. Let x(t) be the second derivative of -t**5/20 + t**4/3 + 3*t**2/2 + 236*t. What is x(s)?
12
Let p(i) = -i - 22 + 22. Let x be p(-6). Let t(r) be the third derivative of r**4/8 - 7*r**3/6 + r**2. Give t(x).
11
Let t(j) = -3 + 2 + j**2 + 1 + 255*j - 257*j. Calculate t(-3).
15
Let t = 873 - 868. Let b(a) = -a**3 + 5*a**2 + a + 8. What is b(t)?
13
Let v(h) = -h**2 + 11*h + 4. Let f = -2018 - -2029. Calculate v(f).
4
Let m(x) = 8*x + 15*x - 2 - 14*x. Give m(6).
52
Let k be (2 + (-6)/3 - 29)/1. Let m = k + 34. Let l(x) = x**3 - 5*x**2 + 2*x - 1. Determine l(m).
9
Suppose 4*c - 7 = -f, 5*f + 3*c = f + 15. Let u(r) be the second derivative of -1/2*r**2 + 4*r - 1/6*r**f + 0. Calculate u(-4).
3
Let y be (-4)/(-1) - (-10 + -1). Suppose -4*j + y = -3*j. Let l = 19 - j. Let g(q) = -q**3 + 3*q**2 + 7*q - 6. What is g(l)?
6
Let g(r) = -3*r**3 + 3*r**2 - 10*r + 2. Let c(l) = 7*l**3 - 5*l**2 + 23*l - 3. Let o(k) = -2*c(k) - 5*g(k). Let f(q) = q + 4. Let d be f(0). Give o(d).
-4
Let a(v) = v**3 - v**2 - 3*v + 3. Let q(w) = w**2 - 8*w + 8. Let u be q(6). Let y = u - 8. Let f(d) = d**3 + 13*d**2 + 12*d + 2. Let i be f(y). What is a(i)?
1
Let f(i) = 3*i + 2*i - i - 3 - 5*i. Let x(b) = b**3 + 8*b**2 + 19*